{"id":64,"date":"2023-11-09T21:52:07","date_gmt":"2023-11-10T03:52:07","guid":{"rendered":"https:\/\/vinoselrey.com\/blog\/?page_id=64"},"modified":"2023-11-15T00:03:28","modified_gmt":"2023-11-15T06:03:28","slug":"inicio","status":"publish","type":"page","link":"https:\/\/vinoselrey.com\/blog\/","title":{"rendered":"Inicio"},"content":{"rendered":"\n<div class=\"wp-block-uagb-container uagb-block-e1154a7f alignfull uagb-is-root-container\"><div class=\"uagb-container-inner-blocks-wrap\">\n<h2 class=\"wp-block-heading\">InFiNiToS SaBoReS Vinificados!<\/h2>\n<\/div><\/div>\n\n\n\n<div class=\"wp-block-uagb-container uagb-block-5bc14157 alignfull uagb-is-root-container\"><div class=\"uagb-container-inner-blocks-wrap\">\n<div class=\"wp-block-uagb-container uagb-block-cdbb33f8\">\n<p>Descubre la variedad de sabores que el vino de frutas tienen para ofrecer. Elaborado a partir de frutas distintas a la uva, <strong>el vino de frutas es una bebida alcoh\u00f3lica Vinificada<\/strong> que s<em>e <\/em>produce en pa\u00edses donde<em> <\/em><strong>el clima dificulta o imposibilita el cultivo de la vid<\/strong>. En nuestro blog, encontrar\u00e1s informaci\u00f3n sobre los  vinos de fruta y sus caracter\u00edsticas. \u00a1Acomp\u00e1\u00f1anos en este viaje de sabor!<\/p>\n<\/div>\n\n\n\n<div class=\"wp-block-uagb-container uagb-block-b844b8fa\">\n<div class=\"wp-block-uagb-container uagb-block-113affc9\">\n<div class=\"wp-block-uagb-image uagb-block-69246c32 wp-block-uagb-image--layout-default wp-block-uagb-image--effect-static wp-block-uagb-image--align-none\"><figure class=\"wp-block-uagb-image__figure\"><img decoding=\"async\" srcset=\"https:\/\/vinoselrey.com\/blog\/wp-content\/uploads\/2023\/11\/vinos-de-frutas-nicaragua.webp ,https:\/\/vinoselrey.com\/blog\/wp-content\/uploads\/2023\/11\/vinos-de-frutas-nicaragua.webp 780w, https:\/\/vinoselrey.com\/blog\/wp-content\/uploads\/2023\/11\/vinos-de-frutas-nicaragua.webp 360w\" sizes=\"auto, (max-width: 480px) 150px\" src=\"https:\/\/vinoselrey.com\/blog\/wp-content\/uploads\/2023\/11\/vinos-de-frutas-nicaragua.webp\" alt=\"\" class=\"uag-image-69\" width=\"1024\" height=\"1024\" title=\"\" loading=\"lazy\"\/><\/figure><\/div>\n<\/div>\n<\/div>\n\n\n\n<div class=\"wp-block-uagb-container uagb-block-83387517\">\n<h3 class=\"wp-block-heading\">Las Maravillas de los Vinos de Frutas y su Variedad de Sabores<\/h3>\n<\/div>\n\n\n\n<div class=\"wp-block-uagb-container uagb-block-90e70c7e\">\n<p>Los vinos de frutas son una aut\u00e9ntica delicia para los amantes de la buena bebida. Estas exquisitas creaciones son el resultado de la fermentaci\u00f3n de diferentes tipos de frutas, lo cual les confiere una amplia variedad de sabores y aromas.<\/p>\n\n\n\n<p>Una de las maravillas de los vinos de frutas es su versatilidad. Puedes encontrar vinos elaborados a partir de frutas como manzanas, peras, cerezas, fresas, frambuesas, moras, entre muchas otras. Cada una de estas frutas aporta sus propias caracter\u00edsticas al vino, creando una experiencia sensorial \u00fanica.<\/p>\n\n\n\n<p>El sabor de los vinos de frutas puede ser dulce, \u00e1cido, afrutado o incluso combinaciones de estos elementos. Algunos vinos de frutas tienen un sabor suave y ligero, mientras que otros son m\u00e1s intensos y robustos. Por ejemplo, nuestro vino de <a href=\"https:\/\/vinoselrey.com\/nuestros-vinos\/frutal\/\" title=\"\">Tamarindo con Maracuy\u00e1<\/a> tiene un sabor afrutado y un peque\u00f1o dulcete. Esto hace que sean una excelente opci\u00f3n para maridar con diferentes tipos de comidas. Nuestro <a href=\"https:\/\/vinoselrey.com\/nuestros-vinos\/kturra\/\" title=\"\">vino Kturra<\/a> tiene un sabor intenso y robusto, que combina muy bien con carnes o platos picantes.&nbsp;<\/p>\n<\/div>\n\n\n\n<div class=\"wp-block-uagb-container uagb-block-319811f9\">\n<p>Estos son solo algunos ejemplos de los vinos de frutas que puedes encontrar en diferentes partes del mundo, desde el vino de ar\u00e1ndano de Canad\u00e1 hasta el <a href=\"https:\/\/youtu.be\/KkD0oRWOg9s?si=K5pKdQ1fywgVgAFt\" target=\"_blank\" rel=\"noopener\" title=\"\">vino de lichi<\/a> de China, pasando por el vino de uva de Francia o el vino de carambola (Melocot\u00f3n) de Brasil. Cada vino de fruta tiene su propio sabor, color y aroma, que reflejan la diversidad y riqueza de las frutas que lo componen.<\/p>\n<\/div>\n\n\n\n\t\t\t<div class=\"wp-block-uagb-post-carousel uagb-post-grid  uagb-post__image-position-top uagb-post__image-enabled uagb-block-fadb147c     uagb-post__arrow-outside uagb-post__items uagb-post__columns-3 is-carousel uagb-post__columns-tablet-2 uagb-post__columns-mobile-1\" data-total=\"1\" style=\"\">\n\n\t\t\t\t\t\t\t\t\t\t\t\t<article class=\"uagb-post__inner-wrap\">\t\t\t\t\t\t\t\t<div class='uagb-post__image'>\n\t\t\t\t\t\t\t\t\t<a href=\"https:\/\/vinoselrey.com\/blog\/un-brindis-a-la-moderacion-el-sabor-de-nuestras-frutas-y-el-bienestar-familiar-en-nicaragua\/\" target=\"_self\" rel=\"bookmark noopener noreferrer\"><img decoding=\"async\" width=\"1024\" height=\"579\" src=\"https:\/\/vinoselrey.com\/blog\/wp-content\/uploads\/2025\/05\/1-1024x579.avif\" class=\"attachment-large size-large\" alt=\"Un brindis por la familia nicarag\u00fcense\" srcset=\"https:\/\/vinoselrey.com\/blog\/wp-content\/uploads\/2025\/05\/1-1024x579.avif 1024w, https:\/\/vinoselrey.com\/blog\/wp-content\/uploads\/2025\/05\/1-300x170.avif 300w, https:\/\/vinoselrey.com\/blog\/wp-content\/uploads\/2025\/05\/1-768x434.avif 768w, https:\/\/vinoselrey.com\/blog\/wp-content\/uploads\/2025\/05\/1.avif 1472w\" sizes=\"(max-width: 1024px) 100vw, 1024px\" \/>\t\t\t\t\t<\/a>\n\t\t\t\t\t\t\t\t\t<\/div>\n\t\t\t\t\t\t<h4 class=\"uagb-post__title uagb-post__text\">\n\t\t\t\t<a href=\"https:\/\/vinoselrey.com\/blog\/un-brindis-a-la-moderacion-el-sabor-de-nuestras-frutas-y-el-bienestar-familiar-en-nicaragua\/\" target=\"_self\" rel=\"bookmark noopener noreferrer\">Un Brindis a la Moderaci\u00f3n, el Sabor de Nuestras Frutas y el Bienestar Familiar en Nicaragua<\/a>\n\t\t\t<\/h4>\n\t\t\t\t\t\t<div class='uagb-post__text uagb-post-grid-byline'>\n\t\t\t\t\t\t\t\t<time datetime=\"2025-05-24T12:45:26-06:00\" class=\"uagb-post__date\">\n\t\t\t\t<span class=\"dashicons-calendar dashicons\"><\/span>\t\t\t\t\t24 de mayo de 2025\t\t\t\t<\/time>\n\t\t\t\t\t\t\t<span class=\"uagb-post__comment\">\n\t\t\t\t<span class=\"dashicons-admin-comments dashicons\"><\/span>\t\t\t\t\tNo hay comentarios\t\t\t\t<\/span>\n\t\t\t\t\t\t<\/div>\n\t\t\t\t\t\t\t<div class='uagb-post__text uagb-post__excerpt'>\n\t\t\t\t\t<p>Desde las f\u00e9rtiles tierras de Nicaragua, donde el sol madura una diversidad de frutas exquisitas,&#8230;\t\t\t\t<\/div>\n\t\t\t\t\t\t<div class=\"uagb-post__text uagb-post__cta wp-block-button\">\n\t\t\t\t<a class=\"wp-block-button__link uagb-text-link\" style=\"\" href=\"https:\/\/vinoselrey.com\/blog\/un-brindis-a-la-moderacion-el-sabor-de-nuestras-frutas-y-el-bienestar-familiar-en-nicaragua\/\" target=\"_self\" rel=\"bookmark noopener noreferrer\">Leer m\u00e1s<\/a>\n\t\t\t<\/div>\n\t\t\t\n\t\t\t\t\t\t\t\t\t<\/article>\n\t\t\t\t\t\t\t\t\t\t\t\t\t\t\t\t<article class=\"uagb-post__inner-wrap\">\t\t\t\t\t\t\t\t<div class='uagb-post__image'>\n\t\t\t\t\t\t\t\t\t<a href=\"https:\/\/vinoselrey.com\/blog\/como-tomar-la-copa-es-una-ley\/\" target=\"_self\" rel=\"bookmark noopener noreferrer\"><img decoding=\"async\" width=\"719\" height=\"1024\" src=\"https:\/\/vinoselrey.com\/blog\/wp-content\/uploads\/2024\/02\/vinos_el_rey-arte-y-copas-719x1024.webp\" class=\"attachment-large size-large\" alt=\"\" srcset=\"https:\/\/vinoselrey.com\/blog\/wp-content\/uploads\/2024\/02\/vinos_el_rey-arte-y-copas-719x1024.webp 719w, https:\/\/vinoselrey.com\/blog\/wp-content\/uploads\/2024\/02\/vinos_el_rey-arte-y-copas-211x300.webp 211w, https:\/\/vinoselrey.com\/blog\/wp-content\/uploads\/2024\/02\/vinos_el_rey-arte-y-copas.webp 758w\" sizes=\"(max-width: 719px) 100vw, 719px\" \/>\t\t\t\t\t<\/a>\n\t\t\t\t\t\t\t\t\t<\/div>\n\t\t\t\t\t\t<h4 class=\"uagb-post__title uagb-post__text\">\n\t\t\t\t<a href=\"https:\/\/vinoselrey.com\/blog\/como-tomar-la-copa-es-una-ley\/\" target=\"_self\" rel=\"bookmark noopener noreferrer\">C\u00f3mo tomar la copa: \u00bfEs una ley?<\/a>\n\t\t\t<\/h4>\n\t\t\t\t\t\t<div class='uagb-post__text uagb-post-grid-byline'>\n\t\t\t\t\t\t\t\t<time datetime=\"2024-02-06T16:50:19-06:00\" class=\"uagb-post__date\">\n\t\t\t\t<span class=\"dashicons-calendar dashicons\"><\/span>\t\t\t\t\t6 de febrero de 2024\t\t\t\t<\/time>\n\t\t\t\t\t\t\t<span class=\"uagb-post__comment\">\n\t\t\t\t<span class=\"dashicons-admin-comments dashicons\"><\/span>\t\t\t\t\tNo hay comentarios\t\t\t\t<\/span>\n\t\t\t\t\t\t<\/div>\n\t\t\t\t\t\t\t<div class='uagb-post__text uagb-post__excerpt'>\n\t\t\t\t\t<p>Recientemente, encontr\u00e9 un comentario en el que se criticaba firmemente a una modelo que pos\u00f3&#8230;\t\t\t\t<\/div>\n\t\t\t\t\t\t<div class=\"uagb-post__text uagb-post__cta wp-block-button\">\n\t\t\t\t<a class=\"wp-block-button__link uagb-text-link\" style=\"\" href=\"https:\/\/vinoselrey.com\/blog\/como-tomar-la-copa-es-una-ley\/\" target=\"_self\" rel=\"bookmark noopener noreferrer\">Leer m\u00e1s<\/a>\n\t\t\t<\/div>\n\t\t\t\n\t\t\t\t\t\t\t\t\t<\/article>\n\t\t\t\t\t\t\t\t\t\t\t\t\t\t\t\t<article class=\"uagb-post__inner-wrap\">\t\t\t\t\t\t\t\t<div class='uagb-post__image'>\n\t\t\t\t\t\t\t\t\t<a href=\"https:\/\/vinoselrey.com\/blog\/vino-de-frutas-se-puede-llamar-vino-si-no-es-de-uva\/\" target=\"_self\" rel=\"bookmark noopener noreferrer\"><img decoding=\"async\" width=\"1024\" height=\"683\" src=\"https:\/\/vinoselrey.com\/blog\/wp-content\/uploads\/2023\/11\/vinos-de-frutas-1-1024x683.webp\" class=\"attachment-large size-large\" alt=\"Canastos con verduras y frutas, cestas y barricas de roble para vinos.\" srcset=\"https:\/\/vinoselrey.com\/blog\/wp-content\/uploads\/2023\/11\/vinos-de-frutas-1-1024x683.webp 1024w, https:\/\/vinoselrey.com\/blog\/wp-content\/uploads\/2023\/11\/vinos-de-frutas-1-300x200.webp 300w, https:\/\/vinoselrey.com\/blog\/wp-content\/uploads\/2023\/11\/vinos-de-frutas-1-768x512.webp 768w, https:\/\/vinoselrey.com\/blog\/wp-content\/uploads\/2023\/11\/vinos-de-frutas-1.webp 1080w\" sizes=\"(max-width: 1024px) 100vw, 1024px\" \/>\t\t\t\t\t<\/a>\n\t\t\t\t\t\t\t\t\t<\/div>\n\t\t\t\t\t\t<h4 class=\"uagb-post__title uagb-post__text\">\n\t\t\t\t<a href=\"https:\/\/vinoselrey.com\/blog\/vino-de-frutas-se-puede-llamar-vino-si-no-es-de-uva\/\" target=\"_self\" rel=\"bookmark noopener noreferrer\">Vino de frutas: \u00bfse puede llamar vino si no es de uva?<\/a>\n\t\t\t<\/h4>\n\t\t\t\t\t\t<div class='uagb-post__text uagb-post-grid-byline'>\n\t\t\t\t\t\t\t\t<time datetime=\"2023-11-05T10:34:44-06:00\" class=\"uagb-post__date\">\n\t\t\t\t<span class=\"dashicons-calendar dashicons\"><\/span>\t\t\t\t\t5 de noviembre de 2023\t\t\t\t<\/time>\n\t\t\t\t\t\t\t<span class=\"uagb-post__comment\">\n\t\t\t\t<span class=\"dashicons-admin-comments dashicons\"><\/span>\t\t\t\t\tNo hay comentarios\t\t\t\t<\/span>\n\t\t\t\t\t\t<\/div>\n\t\t\t\t\t\t\t<div class='uagb-post__text uagb-post__excerpt'>\n\t\t\t\t\t<p>\u00bfVino de frutas? \u00bfEs eso posible? La pregunta siempre ha estado ah\u00ed: \u00bfse puede llamar&#8230;\t\t\t\t<\/div>\n\t\t\t\t\t\t<div class=\"uagb-post__text uagb-post__cta wp-block-button\">\n\t\t\t\t<a class=\"wp-block-button__link uagb-text-link\" style=\"\" href=\"https:\/\/vinoselrey.com\/blog\/vino-de-frutas-se-puede-llamar-vino-si-no-es-de-uva\/\" target=\"_self\" rel=\"bookmark noopener noreferrer\">Leer m\u00e1s<\/a>\n\t\t\t<\/div>\n\t\t\t\n\t\t\t\t\t\t\t\t\t<\/article>\n\t\t\t\t\t\t\t\t\t\t\t<\/div>\n\t\t\t<\/div><\/div>\n","protected":false},"excerpt":{"rendered":"<p>InFiNiToS SaBoReS Vinificados! Descubre la variedad de sabores que el vino de frutas tienen para ofrecer. Elaborado a partir de frutas distintas a la uva, el vino de frutas es una bebida alcoh\u00f3lica Vinificada que se produce en pa\u00edses donde el clima dificulta o imposibilita el cultivo de la vid. En nuestro blog, encontrar\u00e1s informaci\u00f3n [&hellip;]<\/p>\n","protected":false},"author":1,"featured_media":0,"parent":0,"menu_order":0,"comment_status":"closed","ping_status":"closed","template":"","meta":{"_uag_custom_page_level_css":"","site-sidebar-layout":"default","site-content-layout":"","ast-site-content-layout":"default","site-content-style":"default","site-sidebar-style":"default","ast-global-header-display":"","ast-banner-title-visibility":"","ast-main-header-display":"","ast-hfb-above-header-display":"","ast-hfb-below-header-display":"","ast-hfb-mobile-header-display":"","site-post-title":"disabled","ast-breadcrumbs-content":"","ast-featured-img":"","footer-sml-layout":"","ast-disable-related-posts":"","theme-transparent-header-meta":"","adv-header-id-meta":"","stick-header-meta":"","header-above-stick-meta":"","header-main-stick-meta":"","header-below-stick-meta":"","astra-migrate-meta-layouts":"","ast-page-background-enabled":"default","ast-page-background-meta":{"desktop":{"background-color":"var(--ast-global-color-4)","background-image":"","background-repeat":"repeat","background-position":"center center","background-size":"auto","background-attachment":"scroll","background-type":"","background-media":"","overlay-type":"","overlay-color":"","overlay-opacity":"","overlay-gradient":""},"tablet":{"background-color":"","background-image":"","background-repeat":"repeat","background-position":"center center","background-size":"auto","background-attachment":"scroll","background-type":"","background-media":"","overlay-type":"","overlay-color":"","overlay-opacity":"","overlay-gradient":""},"mobile":{"background-color":"","background-image":"","background-repeat":"repeat","background-position":"center center","background-size":"auto","background-attachment":"scroll","background-type":"","background-media":"","overlay-type":"","overlay-color":"","overlay-opacity":"","overlay-gradient":""}},"ast-content-background-meta":{"desktop":{"background-color":"var(--ast-global-color-5)","background-image":"","background-repeat":"repeat","background-position":"center center","background-size":"auto","background-attachment":"scroll","background-type":"","background-media":"","overlay-type":"","overlay-color":"","overlay-opacity":"","overlay-gradient":""},"tablet":{"background-color":"var(--ast-global-color-5)","background-image":"","background-repeat":"repeat","background-position":"center center","background-size":"auto","background-attachment":"scroll","background-type":"","background-media":"","overlay-type":"","overlay-color":"","overlay-opacity":"","overlay-gradient":""},"mobile":{"background-color":"var(--ast-global-color-5)","background-image":"","background-repeat":"repeat","background-position":"center center","background-size":"auto","background-attachment":"scroll","background-type":"","background-media":"","overlay-type":"","overlay-color":"","overlay-opacity":"","overlay-gradient":""}},"footnotes":""},"class_list":["post-64","page","type-page","status-publish","hentry"],"aioseo_notices":[],"uagb_featured_image_src":{"full":false,"thumbnail":false,"medium":false,"medium_large":false,"large":false,"1536x1536":false,"2048x2048":false},"uagb_author_info":{"display_name":"Elexpert","author_link":"https:\/\/vinoselrey.com\/blog\/author\/reyc-delaossa\/"},"uagb_comment_info":0,"uagb_excerpt":"InFiNiToS SaBoReS Vinificados! Descubre la variedad de sabores que el vino de frutas tienen para ofrecer. Elaborado a partir de frutas distintas a la uva, el vino de frutas es una bebida alcoh\u00f3lica Vinificada que se produce en pa\u00edses donde el clima dificulta o imposibilita el cultivo de la vid. En nuestro blog, encontrar\u00e1s informaci\u00f3n&hellip;","_links":{"self":[{"href":"https:\/\/vinoselrey.com\/blog\/wp-json\/wp\/v2\/pages\/64","targetHints":{"allow":["GET"]}}],"collection":[{"href":"https:\/\/vinoselrey.com\/blog\/wp-json\/wp\/v2\/pages"}],"about":[{"href":"https:\/\/vinoselrey.com\/blog\/wp-json\/wp\/v2\/types\/page"}],"author":[{"embeddable":true,"href":"https:\/\/vinoselrey.com\/blog\/wp-json\/wp\/v2\/users\/1"}],"replies":[{"embeddable":true,"href":"https:\/\/vinoselrey.com\/blog\/wp-json\/wp\/v2\/comments?post=64"}],"version-history":[{"count":0,"href":"https:\/\/vinoselrey.com\/blog\/wp-json\/wp\/v2\/pages\/64\/revisions"}],"wp:attachment":[{"href":"https:\/\/vinoselrey.com\/blog\/wp-json\/wp\/v2\/media?parent=64"}],"curies":[{"name":"wp","href":"https:\/\/api.w.org\/{rel}","templated":true}]}}