{"id":6090,"date":"2024-09-28T19:27:35","date_gmt":"2024-09-29T01:27:35","guid":{"rendered":"https:\/\/vinoselrey.com\/tienda\/?post_type=product&#038;p=6090"},"modified":"2026-03-11T12:58:32","modified_gmt":"2026-03-11T18:58:32","slug":"vino-de-tamarindo-y-maracuya-frutal-y-refrescante-750-ml","status":"publish","type":"product","link":"https:\/\/vinoselrey.com\/tienda\/product\/vino-de-tamarindo-y-maracuya-frutal-y-refrescante-750-ml\/","title":{"rendered":"Vino de Tamarindo y Maracuy\u00e1, Frutal y Refrescante 750 ML"},"content":{"rendered":"<ul>\n<li>En una copa de este ejemplar encontraras la elegancia, la suavidad y la fortaleza del\u00a0<strong>car\u00e1cter Nica<\/strong>. Original como \u00e9l solito, ligeramente dulce, explosivo en boca, arom\u00e1tico, sensual, perfecto para confesar secretos, reunir amigos y viajar en el tiempo.\u00a0<strong>Tamarindo y Maracuy\u00e1<\/strong>\u00a0son las frutas m\u00e1gicas que lo componen.<\/li>\n<\/ul>\n<p>Va muy bien acompa\u00f1ando platillos con un toque de dulzor, es especial con los postres y tiene un contraste admirable con comidas saladas, seg\u00fan criterio individual puede tener armon\u00eda con pescados, mariscos y carnes blancas en general.<\/p>\n<p><a href=\"https:\/\/vinoselrey.com\/nuestros-vinos\/frutal\/#temperatura-el-rey\">Ver Temperatura de consumo.<\/a><\/p>\n<p>Este vino blanco tiene en su f\u00f3rmula dos frutas que hacen el balance perfecto. Su equilibrio fue logrado despu\u00e9s de muchas degustaciones, al final\u2026 un consenso. El resultado es un balance, una pasi\u00f3n, un vino blanco nicarag\u00fcense. Y por sobre todas las cosas:\u00a0<strong>\u00a1Nicaragua\u2026 un vino que te gusta<\/strong>!\u00a0\ud83d\ude0b<\/p>\n<p><a href=\"https:\/\/es.wikipedia.org\/wiki\/Somoto\">Producido en el Valle de los Gansos.<\/a><\/p>\n<h5><span style=\"color: #0000ff;\"><strong>\u00bfQuieres conocer el precio total de tu compra, incluyendo el env\u00edo?<\/strong><\/span><\/h5>\n<p>\u00a1Es muy f\u00e1cil! Solo agrega los productos a tu carrito y elige tu ciudad. Al instante, ver\u00e1s el precio total, incluyendo el env\u00edo.<\/p>\n<p><strong>En resumen,<\/strong> para ver el precio exacto sigue los sencillos pasos a continuaci\u00f3n:<br \/>\nA\u00f1ade los productos a tu carrito, selecciona tu municipio y \u00a1listo! El sistema calcular\u00e1 autom\u00e1ticamente el costo total, incluyendo el env\u00edo. \u00a1Es r\u00e1pido y sencillo!<\/p>\n<p><em><strong>\u00a1An\u00edmate a finalizar tu compra!<\/strong><\/em><\/p>\n<p>&nbsp;<\/p>\n","protected":false},"excerpt":{"rendered":"<hr \/>\n<p><strong>Re\u00fane a tus amigos y DISFRUTA \ud83d\ude0b<\/strong><br \/>\nLa llevamos a tu casa, tu pones las copas, nosotros garantizamos las sonrisas y tu satisfacci\u00f3n.<\/p>\n","protected":false},"featured_media":7133,"comment_status":"open","ping_status":"closed","template":"","meta":{"site-sidebar-layout":"default","site-content-layout":"","ast-site-content-layout":"default","site-content-style":"default","site-sidebar-style":"default","ast-global-header-display":"","ast-banner-title-visibility":"","ast-main-header-display":"","ast-hfb-above-header-display":"","ast-hfb-below-header-display":"","ast-hfb-mobile-header-display":"","site-post-title":"","ast-breadcrumbs-content":"","ast-featured-img":"","footer-sml-layout":"","ast-disable-related-posts":"","theme-transparent-header-meta":"default","adv-header-id-meta":"","stick-header-meta":"","header-above-stick-meta":"","header-main-stick-meta":"","header-below-stick-meta":"","astra-migrate-meta-layouts":"set","ast-page-background-enabled":"default","ast-page-background-meta":{"desktop":{"background-color":"","background-image":"","background-repeat":"repeat","background-position":"center center","background-size":"auto","background-attachment":"scroll","background-type":"","background-media":"","overlay-type":"","overlay-color":"","overlay-opacity":"","overlay-gradient":""},"tablet":{"background-color":"","background-image":"","background-repeat":"repeat","background-position":"center center","background-size":"auto","background-attachment":"scroll","background-type":"","background-media":"","overlay-type":"","overlay-color":"","overlay-opacity":"","overlay-gradient":""},"mobile":{"background-color":"","background-image":"","background-repeat":"repeat","background-position":"center center","background-size":"auto","background-attachment":"scroll","background-type":"","background-media":"","overlay-type":"","overlay-color":"","overlay-opacity":"","overlay-gradient":""}},"ast-content-background-meta":{"desktop":{"background-color":"var(--ast-global-color-5)","background-image":"","background-repeat":"repeat","background-position":"center center","background-size":"auto","background-attachment":"scroll","background-type":"","background-media":"","overlay-type":"","overlay-color":"","overlay-opacity":"","overlay-gradient":""},"tablet":{"background-color":"var(--ast-global-color-5)","background-image":"","background-repeat":"repeat","background-position":"center center","background-size":"auto","background-attachment":"scroll","background-type":"","background-media":"","overlay-type":"","overlay-color":"","overlay-opacity":"","overlay-gradient":""},"mobile":{"background-color":"var(--ast-global-color-5)","background-image":"","background-repeat":"repeat","background-position":"center center","background-size":"auto","background-attachment":"scroll","background-type":"","background-media":"","overlay-type":"","overlay-color":"","overlay-opacity":"","overlay-gradient":""}},"_joinchat":{"message_text":"\u00a1Este {PRODUCT} puede ser tuyo! Escoge la presentaci\u00f3n de la botella.\nSi tienes una consulta, preguntanos."}},"product_brand":[],"product_cat":[15],"product_tag":[55,32],"class_list":{"0":"post-6090","1":"product","2":"type-product","3":"status-publish","4":"has-post-thumbnail","6":"product_cat-vino-blanco-nicaraguense","7":"product_tag-vino-blanco","8":"product_tag-vino-nicaragua","9":"desktop-align-center","10":"tablet-align-center","11":"mobile-align-center","13":"first","14":"instock","15":"featured","16":"shipping-taxable","17":"purchasable","18":"product-type-simple"},"aioseo_notices":[],"_links":{"self":[{"href":"https:\/\/vinoselrey.com\/tienda\/wp-json\/wp\/v2\/product\/6090","targetHints":{"allow":["GET"]}}],"collection":[{"href":"https:\/\/vinoselrey.com\/tienda\/wp-json\/wp\/v2\/product"}],"about":[{"href":"https:\/\/vinoselrey.com\/tienda\/wp-json\/wp\/v2\/types\/product"}],"replies":[{"embeddable":true,"href":"https:\/\/vinoselrey.com\/tienda\/wp-json\/wp\/v2\/comments?post=6090"}],"wp:featuredmedia":[{"embeddable":true,"href":"https:\/\/vinoselrey.com\/tienda\/wp-json\/wp\/v2\/media\/7133"}],"wp:attachment":[{"href":"https:\/\/vinoselrey.com\/tienda\/wp-json\/wp\/v2\/media?parent=6090"}],"wp:term":[{"taxonomy":"product_brand","embeddable":true,"href":"https:\/\/vinoselrey.com\/tienda\/wp-json\/wp\/v2\/product_brand?post=6090"},{"taxonomy":"product_cat","embeddable":true,"href":"https:\/\/vinoselrey.com\/tienda\/wp-json\/wp\/v2\/product_cat?post=6090"},{"taxonomy":"product_tag","embeddable":true,"href":"https:\/\/vinoselrey.com\/tienda\/wp-json\/wp\/v2\/product_tag?post=6090"}],"curies":[{"name":"wp","href":"https:\/\/api.w.org\/{rel}","templated":true}]}}